ts digit of m(-1)?
6
Let s(l) = l**2 - l - 4. Let x = -1 + -1. Let c = 2 - x. What is the units digit of s(c)?
8
Suppose -4*r + 20 = r. Suppose -3*s + 4*t = -50, -4*t + 126 = s + r*s. What is the units digit of s?
2
Let c(g) = 8*g**3 - 4*g**2 + 2*g - 3. What is the tens digit of c(2)?
4
What is the units digit of (-24)/(-4)*(2/2)/1?
6
Let q(x) = x**2 - 5*x + 5. Let a be q(5). Suppose -p = -5*n + 25, 0*n + 25 = 2*p + a*n. Suppose 40 = 5*s - p*s. What is the units digit of s?
8
Let t(g) = -g**3 + 6*g + 4. Let d be t(3). Suppose -3*z + 4*z + 24 = -3*o, -z - 32 = 4*o. Let k = d - o. What is the units digit of k?
3
Suppose 0*y - 3*y + 12 = 0. Suppose -5 = -3*w + y. Let r = w + 5. What is the units digit of r?
8
Let x = 15 + -12. Suppose 4*j = -3*b + 37, -2*b - x*b - 5*j + 65 = 0. What is the tens digit of b?
1
Let t(h) = h**3 + 6*h**2 + 3*h + 7. Let y be t(-5). Let n = -9 + y. What is the units digit of n?
8
Suppose 0 = -82*d + 86*d - 484. What is the tens digit of d?
2
Suppose -5*i = -i - 4. Let k = i - -4. What is the units digit of k?
5
Let h(a) = a**2 + a + 9. What is the units digit of h(-5)?
9
Let f(v) = v + 3. Let c(a) = -2*a - 2. Let r(d) = -3*c(d) - 4*f(d). Let g be r(4). Suppose -z = -g*z + 4. What is the units digit of z?
4
Let u(b) = -b**3 - 2*b**2 + 3*b. Let s be u(6). What is the units digit of (1/(-3))/(10/s)?
9
Suppose 8*v = 3*v + 15. Suppose 0 = -v*h + 20 + 151. What is the tens digit of h?
5
Suppose 0 = 3*d, 0 = 4*r + 5*d - 10 - 22. Let m(c) = c**2 - 8*c - 1. Let j be m(r). Let b = j + 3. What is the units digit of b?
2
Let f = -109 + 157. What is the units digit of f?
8
Suppose -4*g = 5*x - 69, 2*g + 49 = 4*x - 1. What is the units digit of x?
3
Let l be 96/(-30) + (-1)/(-5). Let v be ((-3)/(-1))/(l/22). Let a = 35 + v. What is the tens digit of a?
1
Let n(f) = -17*f**2 + f - 5. Let z be (-3)/(-6)*8 + 0. Let u be n(z). What is the tens digit of u/(-14) - (-6)/(-4)?
1
Let k(g) = -16*g + 24. What is the units digit of k(-10)?
4
Suppose 51 = -2*b - b. Let c = b + 26. What is the units digit of c?
9
Let k(x) = x**3 + x**2 + x. Let g(z) = -3*z**3 + 10*z**2 + 11*z + 14. Let p(h) = -g(h) - 4*k(h). What is the units digit of p(-13)?
2
Suppose -p + 254 = 2*a, 5*p - 598 - 693 = -3*a. What is the units digit of p?
0
Let c(m) = -2*m**3 - 4*m**2 - m - 9. What is the units digit of c(-4)?
9
Let j = -4 + 7. Suppose 4*v + j = 11. What is the units digit of v?
2
Let s = 6 - 7. What is the tens digit of 1 + (s - (-2 + -16))?
1
Suppose 8 = b - 18. Let y = b - 10. What is the units digit of y?
6
What is the tens digit of ((-205)/(-25))/(1/5)?
4
Let m(p) = p**3 + 4*p - 3. Let s(z) = -z**2 - 1. Let g(i) = m(i) - 5*s(i). Let b = -21 - -18. What is the units digit of g(b)?
8
Let s = -9 + 10. What is the units digit of s?
1
Suppose q - j - 4*j + 20 = 0, -2*q = 5*j - 20. Suppose -3*d - 13 + q = -5*g, -4*g + 3 = 5*d. What is the units digit of g?
2
Let u = 7 + -13. Suppose 14 = 15*a - 13*a. Let h = a + u. What is the units digit of h?
1
Let f(o) = -89*o + 37. What is the hundreds digit of f(-4)?
3
Let c = 13 + -10. Suppose 0*u = -u - c*w + 18, -5*w + 86 = 4*u. What is the units digit of u?
4
Let z = -6 - -69. What is the tens digit of z?
6
Suppose -3*n + 0*n + 123 = 0. What is the units digit of n?
1
Let t be (2/(-6))/((-5)/(-15)). Let h be t/(-2) - (-90)/4. Suppose -5*g + 4*a + 14 = -2*g, 3*g + 5*a = h. What is the units digit of g?
6
Suppose -3*v + 2*v - 6 = 0. Let j = -5 - v. What is the units digit of j?
1
Let o(q) = -2*q**2 - 55*q + 46. What is the tens digit of o(-28)?
1
Suppose -4*j - g = -879, -5*j + 0*j + 2*g = -1089. What is the units digit of j?
9
Let z = 8 - 6. Suppose 77 = 3*h + 2*j, -4*h - z*j + 104 = j. What is the units digit of h?
3
Let n = -183 - -340. What is the units digit of n?
7
Suppose -5*a + 26 = -4*a. Suppose -y + 1 = 3*s - 32, 0 = -2*s - 2*y + a. What is the units digit of s?
0
Let p be 0 + (-5 - (0 - 1)). Let d(z) = -z**2 - 5*z - 1. Let i be d(p). Suppose 4 = w - t - 1, 2*w - i*t - 7 = 0. What is the units digit of w?
8
Suppose 2*f + 3*h - 191 = 0, -4*f + 2*f + 4*h = -226. What is the tens digit of f?
0
Let u be (-4)/(-5)*(-30)/(-12). Let r(q) = 4*q**2 - 2 - 4*q - 3*q - 5*q**u. What is the units digit of r(-4)?
0
Suppose 0 = -3*d + 6, 0*f - 6 = 2*f - 5*d. Let x(b) = -6 + 3 + b - f*b + 2*b. What is the units digit of x(6)?
3
Let c(f) = -14*f**2 + 1. Let v(j) = -42*j**2 + 3. Let a(m) = 8*c(m) - 3*v(m). What is the units digit of a(2)?
5
Suppose o + o - 6 = 0. Suppose 0 = 2*d - 19 + o. What is the units digit of d?
8
Let p = 122 - 27. What is the tens digit of p?
9
Suppose 3*p = 6*p - 15, -5*p = 5*q - 55. What is the units digit of q?
6
Let r be (15/2)/(6/(-12)). Let q = -5 - r. Suppose 0 = -2*w + 4*w - q. What is the units digit of w?
5
Let c = -2 + 6. Suppose -2 + c = 2*u. What is the units digit of u?
1
Let w(h) = -4*h**2 + 24*h - 15. Let d(b) = -3*b**2 + 16*b - 10. Let t(o) = 7*d(o) - 5*w(o). What is the units digit of t(-8)?
5
Let x(v) = -v**2 - 2*v + 1. Let c = -13 - -8. Let f be x(c). What is the units digit of f/(-4) - (-1)/2?
4
Suppose 0 = -4*a - 5*t + 16, 5*a + 9 = 2*t - t. Let u = 28 + a. Suppose 2*i - u = -i - 4*b, -5*i + 45 = -4*b. What is the units digit of i?
9
Let d(q) = -q**3 - 13*q**2 - 10*q - 34. What is the tens digit of d(-14)?
0
Let y(r) = 5*r - 27. What is the tens digit of y(11)?
2
Let r(s) = 13*s - 7. What is the tens digit of r(2)?
1
Let l(p) = 3*p**2 + 28*p + 7. What is the hundreds digit of l(-12)?
1
Let a(i) = -i**3 - 3*i**2 + 2*i + 1. What is the units digit of a(-4)?
9
Let w(m) = m**2 + 7*m + 2. Let v be w(-5). What is the tens digit of (0 - -58)*(-4)/v?
2
Let q(k) = -4*k - 2. Let u be q(10). Let y = -28 - u. What is the units digit of y?
4
Let j(y) = -6*y + 4*y - y - 2 + 4. Suppose 5*i + 9 = 2*i. What is the units digit of j(i)?
1
Let x = 82 - -38. What is the hundreds digit of x?
1
What is the tens digit of 771/12 - (-2)/(-8)?
6
Suppose 1 = o + s, 0*s - 12 = -2*o + 3*s. Suppose -o = -3*v + 54. What is the units digit of v?
9
Let r(q) = 13*q - 1. Let z be r(-1). What is the units digit of 54/7 - z/49?
8
Suppose -29 = u - 87. What is the tens digit of u?
5
Suppose 0 = -3*h + 4*x + 6, 3*x + 0*x = 0. Let r = -3 + h. What is the units digit of r/(1 - -1)*-14?
7
Suppose -20 = -c - 4*c. What is the units digit of c/(-6) + (-95)/(-3)?
1
Let n = 22 + 111. What is the hundreds digit of n?
1
Suppose 129 = 3*n + 3*u, 4*n - 60 = -2*u + 116. Let x = n - 13. What is the units digit of x?
2
Suppose 3*g + 0*g = -72. Let c(o) = -6*o**3 - 2*o**2 + o - 2. Let m be c(-2). Let i = m + g. What is the units digit of i?
2
Let p(g) = -g**3 - 3*g**2 + 7*g + 2. What is the units digit of p(-5)?
7
Let t(d) = d**2 - 7*d + 7. Let a be t(6). Suppose -16 = -4*g, -3*i = -g + a - 0. What is the units digit of i?
1
Let w(v) = -v**3 + 7*v**2 + 3*v - 3. What is the tens digit of w(7)?
1
Suppose -x + 34 + 20 = 0. What is the units digit of x?
4
Let v(u) = -u + 15. Let d(s) = 3*s + 1. Let p be d(3). What is the units digit of v(p)?
5
Suppose 3*w = 2*l - 27 - 137, 2*w = 2*l - 160. What is the units digit of l?
6
Let s(w) = w - 7. Let v be s(4). What is the units digit of -1 - (-27 - 1 - v)?
4
What is the tens digit of 4/(-24) - 890/(-12)?
7
What is the units digit of (-3)/15 - (-384)/20?
9
Suppose -13 = -2*i + i. Let k = 24 - i. Suppose -2*c + 3*c = k. What is the tens digit of c?
1
Suppose 0*g - 23 = -g. What is the tens digit of g?
2
Let u = 1 + 1. Suppose 5*n + 4*k = 2, 12 = u*n + 2*n - 2*k. What is the units digit of n?
2
Suppose -3*j = 2*w - 260, -j + 8 = -5*j. What is the tens digit of w?
3
Let y be -2 - (-10*1 + -2). Suppose -y = -3*z + z. Let j = z - 0. What is the units digit of j?
5
Let v(h) = -h**2 - 7*h - 4. Let t be v(-5). Suppose 3*r = 24 - t. Suppose m = -2*m + r. What is the units digit of m?
2
Suppose 5*w - 228 = -3*u - 19, 0 = u + 2*w - 70. What is the tens digit of u?
6
What is the units digit of (-471)/(-15) - 6/(-10)?
2
Suppose -11*h + 3*h + 856 = 0. What is the tens digit of h?
0
Let z be ((-6)/(-4))/(-3)*6. Suppose 0 = -2*r - 2*r - 2*q - 6, 0 = 5*r - 5*q. What is the units digit of z/((-6)/(-9) + r)?
9
Suppose -4*j = p + 33, p + p + 2 = 0. Let y = j - -12. What is the units digit of y?
4
Let s(t) be the third de